 be r(10). Suppose k + m = j*k. List the prime factors of k.
2
Let s be ((-42)/8)/((5 - 3)/8). Let q = s - -35. What are the prime factors of q?
2, 7
Suppose 10 - 1 = -3*j, 2*j - 34 = -5*i. Suppose i = -2*d + 12. Let v(k) = -k**3 + 6*k**2 - 2*k - 2. What are the prime factors of v(d)?
2, 5
Suppose -4*u - 15 = -1039. List the prime factors of u.
2
Let z(q) = -q**3 + 2*q**2 - q + 633. List the prime factors of z(0).
3, 211
Let d be 4/18 + (-75)/(-27). Suppose -24 = -2*o - o + d*h, -2*o - 2*h = -16. Suppose -4*p + o*p - 224 = 0. What are the prime factors of p?
2, 7
Let q(o) = o**3 - 6*o**2 + 8*o - 7. Let h be q(5). Let u(j) = -6*j + 54. Let k be u(8). Let c = k + h. What are the prime factors of c?
2, 7
Let b(l) = 0 - 3 + 0*l**2 + l**2. Suppose -r = -9 + 6. List the prime factors of b(r).
2, 3
Suppose 4 = -z + 5*z. List the prime factors of ((-14)/z)/((-58)/(-12) - 5).
2, 3, 7
List the prime factors of (-1492)/((-3 + (-7)/(-2))/(-1)).
2, 373
Let a = -402 + 636. Let z = 347 - a. What are the prime factors of z?
113
Let p = -3 - -3. Suppose p = b - 5*b. Let c(m) = m + 13. What are the prime factors of c(b)?
13
Let p be -2 - (4*(-2 + 3) - 3). What are the prime factors of -1 + (p + 0)*229/(-3)?
2, 3, 19
Let l(d) = -6*d - 71. Let i(s) = -3*s - 35. Let n(f) = -7*i(f) + 3*l(f). What are the prime factors of n(8)?
2, 7
Let s(r) = -49*r - 5*r + 10*r - 8. What are the prime factors of s(-3)?
2, 31
Suppose 0 = 2*y - 5*y + 12. Suppose -2*w + 164 = -y*t, -2*t = -0*w + 4*w - 348. What are the prime factors of w?
2, 43
Let k = 1119 + -365. What are the prime factors of k?
2, 13, 29
List the prime factors of 28/35*(-4435)/(-2).
2, 887
Suppose 0*z - 2*z - 5*z = 0. Suppose -4*a = 4*u - 48, -3*u + 3*a + 66 = -0*u. Let i = u - z. List the prime factors of i.
17
Let r = -2696 - -4344. List the prime factors of r.
2, 103
Let y = -658 - -1748. List the prime factors of y.
2, 5, 109
Let h = 133 + 423. List the prime factors of h.
2, 139
Let p = 2249 + -1405. List the prime factors of p.
2, 211
Suppose 5*g + 1 = 4*k, -4*g + 10 + 2 = 0. Suppose k*b - 1 = -2*y + 29, 3*y - 4*b = 85. What are the prime factors of y?
23
Suppose -2*j + 96 = j. Let v be (4 - 2)/((-1)/6). Let k = v + j. List the prime factors of k.
2, 5
Suppose 4*b + 3*z = 1781, 2*b - 10*z - 888 = -14*z. List the prime factors of b.
2, 223
Let u = -21 - -29. Let x = -5 + u. Suppose -w - x*w + 52 = 0. List the prime factors of w.
13
Suppose -2*u - 55 = -193. Suppose -n + 65 = -v, -n - v = -6*v - u. What are the prime factors of n?
2
Suppose 5*p + 96 = 9*p. Suppose -f - 3*f = p. Let v(m) = m**2 + 2*m - 6. What are the prime factors of v(f)?
2, 3
Let v(c) = 7*c + 4. Let k be v(10). Let z be 2 + (1 - (-2 - -1)). Suppose 0 = 2*i - z*h - k, 3*h + 34 = i + 2*h. List the prime factors of i.
31
What are the prime factors of 5/((-75)/(-31405)) + 1/3?
2, 3, 349
List the prime factors of -5 - 685/(-10)*48.
7, 67
Suppose -992 = -711*n + 707*n. What are the prime factors of n?
2, 31
Suppose -2*b + 724 = 202. What are the prime factors of b?
3, 29
Suppose 4*j = 2*p + 4, 5*p + 0*j + j - 12 = 0. Suppose -3*q + 130 = 5*s - s, p*s - 54 = 4*q. List the prime factors of s.
31
Let p be -6 + -3 - (0 - 2). Let l = p - -9. Let h(g) = 6*g**2. What are the prime factors of h(l)?
2, 3
Suppose -5*i + 50 = -2545. List the prime factors of i.
3, 173
Suppose 0 = 256*o - 269*o + 29601. What are the prime factors of o?
3, 11, 23
Suppose -7*m = -2*m + h - 20, 40 = 4*m - 4*h. Suppose f - l - 15 = 0, 4*f + 9 - 114 = -m*l. List the prime factors of f.
2, 5
Let b = -424 - -606. Suppose -3*x + 562 + b = 0. List the prime factors of x.
2, 31
Let a(x) = -x**2 + 74*x + 482. What are the prime factors of a(62)?
2, 613
Suppose -5*s = 3*l - 6*l - 1683, -4*s = -5*l - 1336. What are the prime factors of s?
3, 113
Let f = -28 + 30. Suppose -f*p = -5*l + 99, 5*l + p - 90 = 6*p. List the prime factors of (44/(-77))/((-2)/l).
2, 3
Suppose 9*y = y + 32. What are the prime factors of y?
2
Suppose -15*t + 4851 = -4*t. List the prime factors of t.
3, 7
Suppose 4*v + 2142 = y, 3*y = 3*v + 7483 - 1093. What are the prime factors of y?
2, 1063
Let z(m) = 13*m - 30. Let i be z(12). Let b be i/(-18)*(0 - 1). Let r(x) = x**3 - 6*x**2 - 4*x - 8. What are the prime factors of r(b)?
13
Let i be 88 - 2 - (0 + -4). Suppose -i = -3*g - 4*a, -6*a + a - 11 = -g. List the prime factors of g*(-3 + (-14)/(-4)).
13
Suppose 5*a + 16 = -h - 0*h, -3*a = -2*h + 20. Suppose 0 = -4*z - h, 3*v - 4*z - 166 = -0*z. Suppose v = 5*c - 11. List the prime factors of c.
13
Let j(f) = 8*f + 18. Let u(l) = 8*l + 19. Let i(y) = 5*j(y) - 4*u(y). List the prime factors of i(8).
2, 3, 13
Suppose 0 = 4*r - 3*r + 2. What are the prime factors of 47 - (-3 - 0) - r?
2, 13
Let w(c) be the first derivative of 0*c - 2*c**4 + 2/3*c**3 + 3/2*c**2 - 8. List the prime factors of w(-2).
2, 3, 11
Suppose 0 = -2*a + 8. Let r(k) = k**2 - 4*k. Let s be r(a). Suppose s = -4*u + 4*y - 4, u + 8 = 3*y + 1. List the prime factors of u.
2
List the prime factors of (0 + 1)*4*(-1197)/(-28).
3, 19
Suppose 15*p = 5*p + 4480. List the prime factors of p.
2, 7
Let n(w) = 6*w**2. Let m = -1 + 4. List the prime factors of n(m).
2, 3
Suppose -4*a + 0*d = -d - 23, -3*a + 5*d = -30. Suppose -a = 4*r - 13. Suppose 0 = 4*i - r*i - 38. What are the prime factors of i?
19
Suppose p - 4*f - 14 = 0, 0 = 2*p - 3*p - 2*f + 8. Let l(o) = 12 - p*o**2 + 9*o**2 - 5*o + 22*o. What are the prime factors of l(16)?
2, 7
Suppose 2*g - 2 + 5 = -5*y, 11 = 3*y - 2*g. Let c be (0/1)/y + 132. Suppose -5*j + c = j. List the prime factors of j.
2, 11
Let r(v) be the first derivative of v**3/3 - v**2 - 4*v - 2. Let b be r(4). Suppose -21 = b*c - 89. What are the prime factors of c?
17
Let c = 775 - -1801. List the prime factors of c.
2, 7, 23
What are the prime factors of 4/44 - (-42260)/22?
17, 113
Suppose 11*p - 4*p = -476. Let l = p + 386. What are the prime factors of l?
2, 3, 53
Let n be 1904/(-35) - ((-7)/5 + 2). Let p = 219 + n. List the prime factors of p.
2, 41
Suppose -5*b + 3*m + 3359 = 0, -4*b - 2*m = m - 2671. List the prime factors of b/6 + 4/(-6).
3, 37
Suppose 0*o = 2*o + b - 1742, 3*o = -2*b + 2615. List the prime factors of o.
11, 79
Let k be ((-6)/(-7))/(3/63). Let b be (k/27)/(2/393). Suppose 0 = y - 2*r - 26, r - b = -3*y - y. What are the prime factors of y?
2
Let w = 899 + -1408. Let n = -206 - w. List the prime factors of n.
3, 101
Let l(q) = 3*q**2 - 5*q + 768. What are the prime factors of l(0)?
2, 3
Let g(m) = 51*m**2 + 18*m + 68. What are the prime factors of g(-6)?
2, 449
Let b = 2375 - 1268. What are the prime factors of b?
3, 41
Let n(b) = 186*b - 34. List the prime factors of n(7).
2, 317
Let t(y) be the first derivative of y**4 + 2*y**3/3 - y**2 + 6*y - 31. List the prime factors of t(2).
2, 3, 7
Let c(s) = -s**3 + 18*s**2 + 18*s + 15. Let q be c(19). List the prime factors of (-2)/((-672)/(-5715) - q/(-30)).
127
Let r be -6*(2/13 - (-68)/(-104)). Suppose 0*q + 203 = 4*q - n, -r = n. List the prime factors of q.
2, 5
Suppose -l + 497 = 5*a, 4*l - 2*a - 2*a - 1868 = 0. What are the prime factors of l?
2, 59
Let k(b) = b + 11. Let v be k(-6). Let w(a) = -a**2 + a + 12. Let j be w(v). What are the prime factors of ((-2)/1)/(j/52)?
13
Let f(a) = 25*a**2 + 18*a + 94. List the prime factors of f(-6).
2, 443
Let j = -79 - -489. List the prime factors of j.
2, 5, 41
Let m = 379 + 1232. What are the prime factors of 12/(-30) - (m/(-15) - -1)?
2, 53
Let l = 10307 - 5465. What are the prime factors of l?
2, 3, 269
List the prime factors of ((-1)/(-1))/(-1) + 2206 + -4.
31, 71
Suppose -4*u - 4*z + 516 = 0, u + 2*z - 1 - 133 = 0. Suppose 3*o = -5*p - 202, -o + p = 95 - 33. Let a = u + o. What are the prime factors of a?
2, 3, 5
Let s = 590 - 112. What are the prime factors of s?
2, 239
Let l = -46 + 49. Suppose -4*m - 418 = -l*w, -m - 2*m - 131 = -w. List the prime factors of w.
2, 73
Suppose -4*s = -2*r - 3432, s = 4*s + 5*r - 2561. What are the prime factors of s?
857
Let t be (165/(-11))/((-3)/19). Let z = t - 78. List the prime factors of z.
17
Let c be (-3 + 3)/(0 + 2) - -42. Suppose 3*f - 3*t - c = 0, -2*t + 0*t = 0. What are the prime factors of f?
2, 7
Suppose -2*d + 6*d - 668 = 0. Let j = d + -89. What are the prime factors o